late the greatest common factor of 49175 and d.
175
Suppose -3199*p + 3201*p = 984. What is the greatest common factor of 24 and p?
12
Suppose 150*w = -0*w + 20400. Calculate the highest common factor of w and 17.
17
Let f(y) = -9*y - 102. Suppose 2*i = -z - 14, -5*z + 2*i = 3*i + 61. Let x be f(z). Calculate the greatest common divisor of 108 and x.
6
Let m be (22/88)/(1/12). Suppose 0 = -3*b - 6, 4*n - 3*b + m = 9. Suppose 0 = 3*r - n*r - 42. Calculate the highest common factor of 154 and r.
14
Let t = 5779 - 5297. Calculate the highest common factor of t and 6.
2
Let r = -2680 - -2883. Calculate the highest common divisor of r and 7.
7
Let l be -8 + 5 - (6 + -22). Let a(u) = 2*u**2 + 5*u - 26. Let f be a(-13). Calculate the greatest common factor of f and l.
13
Let a = 2721 - 2486. Calculate the greatest common factor of a and 20.
5
Suppose -2*t + 40 = 57*j - 61*j, 4*t = -j + 35. Let b be (-30)/25*t/(-2) + 74. Calculate the highest common factor of b and 30.
10
Let x be -1*5*(-13 + 7). Suppose 6*q + 2*p + 272 = 2*q, -252 = 4*q - 3*p. Let j be -17 - q - (-1 + 5). Calculate the highest common divisor of j and x.
15
Suppose 41*b - 75*b + 1176 = -33*b. Calculate the greatest common divisor of 216 and b.
24
Let r be 1/((-7 - -2)/50). Let v be (68/r)/((-6)/15). Suppose -v*k + 15*k + 322 = 0. Calculate the highest common factor of k and 23.
23
Let o = -3856 - -3864. What is the highest common factor of 1448 and o?
8
Let s be 0 + 6/(-1 + 4). Suppose 0 = -g + 17 - s. Suppose -838 = -10*k - 88. Calculate the highest common divisor of k and g.
15
Let a = -2682 - -4426. Calculate the greatest common divisor of a and 16.
16
Let b(g) = -9*g**2 + 147*g - 32. Let n be b(16). Suppose -r + 72 = -40. Calculate the highest common factor of r and n.
16
Let f be (3 - -3)*(25 - 13). Suppose 0 = 4*n - 0*n - f. What is the highest common factor of n and 27?
9
Suppose -541 = -5*y + 2*j, -5*j - 23 = -2*y + 185. Let i = y + -81. Calculate the greatest common factor of 8 and i.
4
Let c = 10954 + -9733. What is the greatest common divisor of 33 and c?
33
Suppose w + 6*h + 15 = 0, -5*w + 2*w + 39 = 4*h. Let x(q) = 27*q + 3. Let i be x(3). What is the highest common divisor of w and i?
21
Suppose 0 = n - 25 + 3. Let s be (-1630)/(-163) - 2/(-2). Let b be (s/(-3))/(n/(-132)). What is the greatest common divisor of b and 11?
11
Let g(s) = s - 9. Let o be (-9)/(0 + 3 + (-45)/12). Let w be g(o). Let z be ((7/2)/7)/((-1)/(-12)). What is the greatest common divisor of w and z?
3
Let k(g) = 16*g**2 - 39*g - 837. Let a be k(31). Calculate the highest common factor of a and 129.
43
Let o be 442/3 - 1/3. Suppose 10592*k + 504 = 10604*k. Calculate the highest common divisor of o and k.
21
Let g be -14*15/(105/(-16)). Let s(n) = n**2 - 12*n + 3. Let x be s(13). Calculate the greatest common factor of g and x.
16
Let z be (-14 - (-2324)/(-98))/(3/(-14)). What is the highest common factor of 803 and z?
11
Suppose -8 = 5*h - 113. Suppose 0 = 9*x + 339 - 906. Calculate the highest common factor of x and h.
21
Let x be 10*7/22 + 8/(-44). Suppose -9*f + 378 = -x*f. What is the greatest common factor of 21 and f?
21
Suppose -4*c = -21 - 3. Suppose -n = k - 160, -80*k + 78*k - 4 = 0. Calculate the greatest common factor of c and n.
6
Suppose 5*w + 5*f - 225 = 0, -5*f + 134 = 3*w - f. Suppose w*r = 45*r + 89. Suppose -127 = -6*c + r. What is the highest common factor of c and 36?
36
Let a = -33 + 40. Suppose 299 = a*g - 79. Suppose 38 = 4*v - w, 2*v = -3*v - 2*w + g. What is the greatest common factor of 120 and v?
10
Suppose 4*o - 3*h = h + 3484, 55*h - 52*h = 0. What is the highest common divisor of 13 and o?
13
Let v = -70 + 79. Suppose 12 = 4*x - 5*c, -3*x - 4*c + 6*c = -v. Suppose 140 = x*l + l. What is the greatest common factor of l and 70?
35
Suppose 273*r - 261*r = 240. Let h(w) = -16*w**3 + w**2 + 2*w + 1. Let m be h(-1). Calculate the highest common divisor of r and m.
4
Let i be (8/3 + -2)*1170. Suppose -2*u + 69 = -2*j + 59, -u - 4*j = -15. Suppose -z - i = -u*z. What is the greatest common factor of 26 and z?
26
Let t(s) = s**3 - 7*s**2 + 12*s - 27. Let x be t(6). Suppose -7 = x*m - 79. What is the highest common divisor of m and 72?
8
Let n(a) = -a + 63. Let z be n(-9). Suppose -2*t - 127 + 37 = 0. Let i be ((-20)/25)/(2/t). What is the greatest common factor of i and z?
18
Let a(b) = 457*b - 75. Let m be a(3). Calculate the greatest common factor of 32 and m.
16
Let s(z) = 55 + 9 + 102 + 9*z - 10*z + 17. Let y be s(17). What is the highest common divisor of y and 4?
2
Let t = -4099 - -4189. What is the greatest common divisor of t and 882?
18
Let v(o) be the first derivative of -o + 15 + 8*o**2 + 1/4*o**4 - 16/3*o**3. Let q be v(15). Calculate the greatest common divisor of 14 and q.
14
Let s be (12456/(-540))/(7/(-105)). What is the greatest common divisor of 6401 and s?
173
Suppose -2425*h + 9801 = -2422*h. What is the greatest common factor of 121 and h?
121
Let p(u) = -27*u**2 - 157*u + 501. Let d be p(-8). Let v be (2 + 17)/((-1)/(-29)). Calculate the highest common divisor of d and v.
29
Suppose 2*o = -3*o + 280. Suppose 74 = 3*p + 2*n, 6*p - 141 = 17*n - 14*n. What is the greatest common divisor of o and p?
8
Let m(j) = 2*j - 16. Let o be m(10). Suppose 138 = -n - o*t, -3*n - 486 = -t - 124. Let v = 230 + n. What is the highest common divisor of v and 12?
12
Let a(s) = 3*s**3 - 36*s**2 - 15*s + 2. Let u be a(13). Let w = u + 686. What is the highest common factor of w and 40?
40
Let u = 52 + -55. Let m(b) = -b**2 + 4*b + 11. Let c be m(u). Let p = c + 37. What is the highest common factor of 189 and p?
27
Let u be (-1 - -4)/(6/88). Suppose 188*w - 246532 = -243*w. What is the highest common factor of w and u?
44
Let z = 2 - -1. Let l be 108 - 104 - (-15 + 1 - 0). Suppose -2*b - z*b = -2*m, l = 3*m - 3*b. Calculate the greatest common divisor of m and 25.
5
Suppose 4*f + 50 = 9*f. Let a be ((-34)/f - -3)*10/(-4). What is the highest common divisor of 4 and a?
1
Suppose -2*z - 839 = -5*c, 5*z + 506 + 324 = 5*c. Calculate the greatest common divisor of c and 1937.
13
Let h(d) = -129 + 50*d + 257 - 141 + 19*d**2 + d**3. Let c be h(-13). Calculate the greatest common factor of 13 and c.
13
Let t = -19206 + 19485. Calculate the highest common divisor of 18 and t.
9
Suppose -3*v - 2*b + 874 = -3674, 3021 = 2*v + 5*b. What is the highest common divisor of 88 and v?
22
Let a(w) = -w - 18. Suppose -k = -0*k - 2*g - 1, 2*k - 3*g = 1. Let s = k - 18. Let n be a(s). What is the greatest common factor of 2 and n?
1
Suppose 17*f - 183945 - 61977 = 0. What is the greatest common factor of f and 6?
6
Let d(y) be the third derivative of -y**6/120 + y**5/15 + 11*y**4/24 + 4*y**3/3 + y**2 - 10*y. Let f be d(6). What is the highest common factor of f and 32?
2
Suppose 4*u - 5*u = -1, -u - 155 = 4*m. Suppose -35 = -2*f + 67. Let b = f + m. Calculate the highest common factor of 48 and b.
12
Suppose 0 = 1088*j - 1072*j - 8640. Calculate the highest common factor of 100 and j.
20
Let z = 3459 + -3448. Calculate the highest common divisor of 297 and z.
11
Suppose l = 3 + 27. Let a = -287254 - -287899. What is the highest common factor of a and l?
15
Suppose 3*w = 186 - 150. Let f be 42/(-8)*(-176)/w. What is the highest common factor of 77 and f?
77
Let s = 47 - 43. Suppose z - 2*z - 4*w = 6, 0 = 4*z + 2*w - 46. Calculate the highest common divisor of s and z.
2
Let f be (-14)/175*-5 + (-233)/(-5). Suppose -f + 38 = y. Let b = y + 18. What is the greatest common factor of 9 and b?
9
Let k be 189/(-14)*(201/(-9) - 1). What is the highest common divisor of 270 and k?
45
Let w = 64 - 82. Let g = 15 + w. Let y be -4*g/(-6) + (2 - -7). What is the greatest common factor of 133 and y?
7
Let h be (10/4)/((-3)/(-42)). Let z = 53 - 51. Suppose 2*k - z = 12. What is the highest common factor of h and k?
7
Suppose -6*b = -b - 4*f - 140, 2*b - 5*f = 39. Let k be 8*(136/b + (-2)/4). Calculate the greatest common divisor of k and 110.
10
Let v(c) = c**3 + 2*c**2 - 3*c + 24. Let z be v(3). Let a(m) = 3*m**2 - 7*m + 5. Let l be a(5). What is the highest common factor of l and z?
15
Suppose -5*u - u + 594 = 0. Let b = 169 - u. Suppose 2*r - b = 5*w, -5*w + w - 158 = -5*r. Calculate the greatest common fact